hat is the remainder when 23 is divided by n?
10
Let o = -97 + 140. Calculate the remainder when o is divided by 15.
13
Suppose -4*l + 135 = p - 101, l - 70 = -3*p. Calculate the remainder when l is divided by (32/1 - 2)*1.
28
Let w(u) = -u - 4. Let k(s) = -s + 1. Let q(j) = -3*k(j) + w(j). What is the remainder when q(5) is divided by 2?
1
Let d = 155 + -139. What is the remainder when d is divided by 4?
0
Suppose 4*u - 72 = -0*u. Calculate the remainder when 69 is divided by u.
15
Suppose 3*k = -3*a + 12, -2 = -3*k - 5*a + 2. Let y be (-93)/(-4) + 3/(-12). Calculate the remainder when -5*3/(-15)*y is divided by k.
7
Suppose 0 = 2*c - 2 - 58. What is the remainder when c is divided by (-5)/((-25)/(-4))*-10?
6
Suppose 0*n + n - 8 = 0. Suppose -h - 6 = -3*h. Calculate the remainder when n is divided by h.
2
Suppose 8*h - 4 = 140. Calculate the remainder when 159 is divided by h.
15
Let u be 2*(-2)/4*1. Let l = u - -3. Calculate the remainder when l is divided by 1.
0
Suppose -2 = 4*k - 10. Suppose 0 = 5*b - k*b - 81. What is the remainder when b is divided by 16 + (-2 - (-1 + 1))?
13
Let o(h) = 3*h + 11. What is the remainder when 42 is divided by o(4)?
19
Let m = 22 - -3. Suppose 4*i - m = 19. What is the remainder when i is divided by 5?
1
Let m = 68 - 43. Calculate the remainder when m is divided by 13.
12
Let y be 10/(-14) + (-2)/7. Let q be 1/((-18)/(-20) + y). Calculate the remainder when 20 is divided by 22/(-8)*(q + 6).
9
Suppose 2*p = -4*p + 372. What is the remainder when p is divided by 22?
18
Let i(q) be the first derivative of -q**2/2 + 5*q - 1. What is the remainder when i(-9) is divided by -1 + (7*1 - 1)?
4
Suppose 8*i - 153 = 5*i. Let m(g) = 12*g**2 - 2*g - 1. What is the remainder when i is divided by m(-1)?
12
Let d = 72 + -18. Calculate the remainder when d is divided by 14.
12
Suppose -7*h + 3*s = -2*h - 420, s = 4*h - 343. Calculate the remainder when h is divided by 23.
18
Suppose -5*d + y = -0*d - 78, 2*d - 26 = 3*y. Let h = -7 + 12. Suppose -4*f = -k + 12 - 3, h*k - 45 = -4*f. What is the remainder when d is divided by k?
7
Suppose 5*v - 2*v = -2*b, -2*v - 5*b = 11. Let s(m) = m**3 - m**2 - 3*m + 4. Let f be s(3). Let t = f + -9. Calculate the remainder when t is divided by v.
0
Let l(k) = k**3 + 9*k**2 - k - 10. Let t = -4 - 5. Let q be l(t). Let g(w) = -7*w + 1. What is the remainder when 15 is divided by g(q)?
7
Calculate the remainder when 79 is divided by (21 + -13)/(2/5).
19
Let g(t) = 3*t + 16. Calculate the remainder when 12 is divided by g(-3).
5
Suppose -3*v + 45 = 2*v. Let a(y) = 8*y + 1. Let m be a(v). Suppose -3*q + m = -2. Calculate the remainder when 74 is divided by q.
24
Let a(i) be the third derivative of i**6/40 + i**5/60 + i**4/8 - i**3/2 - 6*i**2. Calculate the remainder when a(2) is divided by 11.
9
Let i(h) = h**3 + 10*h**2 + 4*h - 17. What is the remainder when i(-7) is divided by 13?
11
Let u(i) = i + 4. Let t(w) = -2*w - 9. Let k(m) = 6*t(m) + 13*u(m). What is the remainder when 10 is divided by k(8)?
4
Suppose -2*f = k - 1, 3*k + f = 14 - 1. Calculate the remainder when (k + -2)*(-22)/(-6) is divided by 4.
3
Let g = -32 - -28. Let k(z) = -z**3 - 4*z**2 - 4*z + 8. Calculate the remainder when 45 is divided by k(g).
21
Suppose 4*h = -j + 29, -h + 3*h = 5*j - 79. Let z(k) = k**3 - 4*k**2 + 2*k - 3. What is the remainder when j is divided by z(4)?
2
Suppose i + 0 = -1. Let p(v) = v**2 - 2*v - 2. Let s(l) = l**2 + l + 1. Let z(q) = p(q) + 3*s(q). What is the remainder when 5 is divided by z(i)?
1
Suppose -2 - 21 = -m + 2*j, 0 = m - 3*j - 22. Calculate the remainder when 73 is divided by m.
23
Let u be ((-3)/(-6))/((-3)/(-12)). Suppose -3*t = 2*p - 22, u*p - 4*p - 2*t + 26 = 0. Calculate the remainder when p is divided by 9.
8
Let p = -93 + 157. What is the remainder when p is divided by 13?
12
Suppose -5*h + 44 = -6. Let u = h + -5. What is the remainder when 18 is divided by u?
3
Suppose 0*c = -c + 39. Calculate the remainder when c is divided by 3.
0
Let j = -146 - -235. Let g = j - 57. Suppose -2*p - 6 = -g. Calculate the remainder when 37 is divided by p.
11
Let p = -45 + 93. Calculate the remainder when p is divided by 25.
23
Let q = 160 + -83. Calculate the remainder when q is divided by 20.
17
Suppose 2*u = w + 34, -4*u + 51 = -5*w - 11. What is the remainder when 33 is divided by u?
15
What is the remainder when 64 is divided by -1 + 213/9 + 14/(-21)?
20
What is the remainder when -3 + 5 + 91 - (1 + 0) is divided by 32?
28
Let m(w) = w**2 - w + 11. Suppose -p - 3*p = -40. Calculate the remainder when p/30 - 190/(-6) is divided by m(0).
10
Suppose -2*k = 4*w - 0*w - 12, -5*k - 40 = -4*w. Let x = k + 0. Calculate the remainder when ((-2)/x)/((-3)/(-222)) is divided by 13.
11
Let o = 8 + 1. Calculate the remainder when 1*(3 + -6) - -28 is divided by o.
7
Let u(g) = -13*g - 2. Let v be u(2). Let n = 3 + 2. What is the remainder when ((-4)/2)/(4/v) is divided by n?
4
Suppose -2*p - b = -8, p + b = 4*b + 18. What is the remainder when p is divided by 2?
0
Let l = 124 - 37. Suppose -3*b = -0*b - l. Calculate the remainder when b is divided by 10.
9
Suppose -3*k = -4*q - 33, q - 15 = 6*q. Calculate the remainder when 11 is divided by k.
4
Suppose -2*r - 6 = -5*z, -2*r = 2*r - 8. Let v(a) = 2 + z*a + 1 + 0. Calculate the remainder when 32 is divided by v(4).
10
Calculate the remainder when (-21)/42 - (-138)/4 is divided by 7.
6
Suppose 2*s = -4*s + 24. What is the remainder when 11 is divided by s?
3
Suppose 3*n = -0*n + 18. Calculate the remainder when n is divided by 3.
0
Suppose 2*m - m = 1. Let l(t) = -t**3 - 4*t**2 + t. Let a be l(-4). Calculate the remainder when m is divided by 25/35 + a/(-14).
0
Suppose 4*i = 48 + 28. What is the remainder when i is divided by 7?
5
Let p(q) = q**2 + 7*q - 12. Let d be p(-11). Suppose 5*m = -35 + 125. Calculate the remainder when d + 1 + (-3 - -4) is divided by m.
16
Let v(q) = -3*q + 16 + 2*q + 0*q. Suppose 5*r - 5*f - 175 = 0, 135 = -2*r + 7*r + 5*f. Calculate the remainder when r is divided by v(0).
15
Suppose -5*z = -45 - 10. Suppose -z = -j - 1. Calculate the remainder when j is divided by 4.
2
Suppose 3*j + 149 - 473 = 0. Let t = -62 + j. Let n = -6 + 22. Calculate the remainder when t is divided by n.
14
Suppose 0 = -4*l + 5*w - 0*w + 22, 3*w = -2*l + 22. Calculate the remainder when 13 is divided by l.
5
Let p(z) be the first derivative of z**3/3 - 5*z**2/2 - 4*z - 2. Suppose -a + 35 = 4*a. Calculate the remainder when 29 is divided by p(a).
9
Suppose 4*i - 4*b - 32 = 0, 5*b = 2*i - 5*i - 8. Let u be 55/(-7) - 6/42. What is the remainder when i is divided by (-12)/u*(3 + -1)?
1
Let q(j) = 3*j. Calculate the remainder when (-2 - (-132)/30)*(-40)/(-6) is divided by q(3).
7
Let i(g) be the third derivative of g**5/4 + g**4/12 + g**3/6 - 4*g**2. Calculate the remainder when i(-1) is divided by 5.
4
Let s(n) = 11*n - 17. Calculate the remainder when 75 is divided by s(5).
37
Let u = -13 - -7. Let o = 112 + -73. Calculate the remainder when o is divided by 28/(-6)*(3 + u).
11
Suppose 2*z = -4*j + 20, 2*j + 2*j = 2*z + 4. What is the remainder when 11 is divided by z?
3
Suppose -2*t + 174 = -4*i, 0 = -3*t - 0*i + 2*i + 261. What is the remainder when t is divided by 18?
15
What is the remainder when ((-42)/(-9))/(12/108) is divided by 16?
10
Let y(o) be the first derivative of -o**4/4 + 10*o**3/3 + 3*o**2 - 5*o + 7. Calculate the remainder when y(10) is divided by 14.
13
Suppose 0 = 5*h + 2*h - 245. What is the remainder when 173 is divided by h?
33
Suppose -6*a + 19 = -149. Calculate the remainder when 110 is divided by a.
26
Let r(q) = -7*q**3 - 3*q**2 - q + 1. Calculate the remainder when r(-1) is divided by 3.
0
Calculate the remainder when (-28)/6*27/(-18) is divided by 3.
1
Suppose 6*o - 2*o - 256 = 0. Calculate the remainder when o is divided by 2/(-8) - 89/(-4).
20
What is the remainder when 4/(-2) + 46 + 3 is divided by 12?
11
Suppose 0 = 14*n - 15*n + 15. Calculate the remainder when n is divided by 9.
6
Suppose -12 = -6*n + 3*n. Suppose 4*d + 5*t + 3 = 0, n*d + 0*t - t - 15 = 0. What is the remainder when d is divided by 2?
1
Suppose 0 = -2*h - 2*r + 6, -2*h + 0*r + 20 = -5*r. Let v = -3 + h. What is the remainder when 5 is divided by v?
1
Let